{"id":595,"date":"2018-05-12T12:35:56","date_gmt":"2018-05-12T11:35:56","guid":{"rendered":"http:\/\/valenshome.com\/?p=595"},"modified":"2018-05-12T18:52:15","modified_gmt":"2018-05-12T17:52:15","slug":"register","status":"publish","type":"page","link":"https:\/\/valenshome.com\/?page_id=595","title":{"rendered":"Register"},"content":{"rendered":"<div class=\"gtranslate_wrapper\" id=\"gt-wrapper-61645117\"><\/div>\n<div class=\"um um-register um-587\">\n<div class=\"um-form\" data-mode=\"register\">\n<form method=\"post\" action=\"\">\n<div class=\"um-row _um_row_1 \" style=\"margin: 0 0 30px 0;\">\n<div class=\"um-col-1\">\n<div  id=\"um_field_587_user_login\" class=\"um-field um-field-text  um-field-user_login um-field-text um-field-type_text\" data-key=\"user_login\">\n<div class=\"um-field-label\"><label for=\"user_login-587\">Nombre de Usuario<\/label><span class=\"um-tip um-tip-w\" title=\"Entre un nombre de usuario\"><i class=\"um-icon-help-circled\"><\/i><\/span><\/p>\n<div class=\"um-clear\"><\/div>\n<\/div>\n<div class=\"um-field-area\"><input  autocomplete=\"off\" class=\"um-form-field valid \" type=\"text\" name=\"user_login-587\" id=\"user_login-587\" value=\"\" placeholder=\"\" data-validate=\"unique_username\" data-key=\"user_login\"  aria-invalid=\"false\" \/><\/p><\/div>\n<\/div>\n<div  id=\"um_field_587_first_name\" class=\"um-field um-field-text  um-field-first_name um-field-text um-field-type_text\" data-key=\"first_name\">\n<div class=\"um-field-label\"><label for=\"first_name-587\">Nombre <\/label><\/p>\n<div class=\"um-clear\"><\/div>\n<\/div>\n<div class=\"um-field-area\"><input  autocomplete=\"off\" class=\"um-form-field valid not-required \" type=\"text\" name=\"first_name-587\" id=\"first_name-587\" value=\"\" placeholder=\"\" data-validate=\"\" data-key=\"first_name\"  aria-invalid=\"false\" \/><\/p><\/div>\n<\/div>\n<div  id=\"um_field_587_last_name\" class=\"um-field um-field-text  um-field-last_name um-field-text um-field-type_text\" data-key=\"last_name\">\n<div class=\"um-field-label\"><label for=\"last_name-587\">Apellido<\/label><\/p>\n<div class=\"um-clear\"><\/div>\n<\/div>\n<div class=\"um-field-area\"><input  autocomplete=\"off\" class=\"um-form-field valid not-required \" type=\"text\" name=\"last_name-587\" id=\"last_name-587\" value=\"\" placeholder=\"\" data-validate=\"\" data-key=\"last_name\"  aria-invalid=\"false\" \/><\/p><\/div>\n<\/div>\n<div  id=\"um_field_587_user_email\" class=\"um-field um-field-text  um-field-user_email um-field-text um-field-type_text\" data-key=\"user_email\">\n<div class=\"um-field-label\"><label for=\"user_email-587\">Direcci\u00f3n de E-mail <\/label><\/p>\n<div class=\"um-clear\"><\/div>\n<\/div>\n<div class=\"um-field-area\"><input  autocomplete=\"off\" class=\"um-form-field valid not-required \" type=\"text\" name=\"user_email-587\" id=\"user_email-587\" value=\"\" placeholder=\"\" data-validate=\"unique_email\" data-key=\"user_email\"  aria-invalid=\"false\" \/><\/p><\/div>\n<\/div>\n<div  id=\"um_field_587_user_password\" class=\"um-field um-field-password  um-field-user_password um-field-password um-field-type_password\" data-key=\"user_password\">\n<div class=\"um-field-label\"><label for=\"user_password-587\">Contrase\u00f1a<\/label><span class=\"um-tip um-tip-w\" title=\"La contrase\u00f1a debe de contener una letra may\u00fascula, una min\u00fascula y mas de 8 caracteres\"><i class=\"um-icon-help-circled\"><\/i><\/span><\/p>\n<div class=\"um-clear\"><\/div>\n<\/div>\n<div class=\"um-field-area\"><input class=\"um-form-field valid \" type=\"password\" name=\"user_password-587\" id=\"user_password-587\" value=\"\" placeholder=\"\" data-validate=\"\" data-key=\"user_password\"  aria-invalid=\"false\" \/><\/p><\/div>\n<\/div>\n<div  id=\"um_field_587_confirm_user_password\" class=\"um-field um-field-password  um-field-user_password um-field-password um-field-type_password\" data-key=\"confirm_user_password\">\n<div class=\"um-field-label\"><label for=\"confirm_user_password-587\">Confirmar Contrase\u00f1a<\/label><\/p>\n<div class=\"um-clear\"><\/div>\n<\/div>\n<div class=\"um-field-area\"><input class=\"um-form-field valid \" type=\"password\" name=\"confirm_user_password-587\" id=\"confirm_user_password-587\" value=\"\" placeholder=\"Confirmar Contrase\u00f1a\" data-validate=\"\" data-key=\"confirm_user_password\"  aria-invalid=\"false\" \/><\/div>\n<\/div>\n<div  class=\"um-field um-field-shortcode  um-field-shortcode um-field-type_shortcode\" data-key=\"um_shortcode_587_7\">\n<div class=\"g-recaptcha\" data-sitekey=\"6LfRzlgUAAAAAFBsGB_SfErzbKp7hHWRrBpx0ays\"><\/div>\n<\/div>\n<\/div>\n<\/div>\n<p>\t<input type=\"hidden\" name=\"form_id\" id=\"form_id_587\" value=\"587\" \/><\/p>\n<p class=\"um_request_name\">\n\t\t<label for=\"um_request_587\">Only fill in if you are not human<\/label><br \/>\n\t\t<input type=\"hidden\" name=\"um_request\" id=\"um_request_587\" class=\"input\" value=\"\" size=\"25\" autocomplete=\"off\" \/>\n\t<\/p>\n<p>\t<input type=\"hidden\" id=\"_wpnonce\" name=\"_wpnonce\" value=\"7fd23fb7ee\" \/><input type=\"hidden\" name=\"_wp_http_referer\" value=\"\/index.php?rest_route=%2Fwp%2Fv2%2Fpages%2F595\" \/><\/p>\n<div class=\"um-col-alt\">\n<div class=\"um-left um-half\">\n\t\t\t\t<input type=\"submit\" value=\"Registro\" class=\"um-button\" id=\"um-submit-btn\" \/>\n\t\t\t<\/div>\n<div class=\"um-right um-half\">\n\t\t\t\t<a href=\"https:\/\/valenshome.com\/?page_id=593\" class=\"um-button um-alt\"><br \/>\n\t\t\t\t\tAcceder\t\t\t\t<\/a>\n\t\t\t<\/div>\n<div class=\"um-clear\"><\/div>\n<\/p><\/div>\n<\/p><\/form>\n<\/p><\/div>\n<\/div>\n<style>\n\t\t\t.um-587.um {\n\t\t\tmax-width: 450px;\n\t\t}\n\t\t<\/style>\n","protected":false},"excerpt":{"rendered":"","protected":false},"author":1,"featured_media":0,"parent":0,"menu_order":0,"comment_status":"closed","ping_status":"open","template":"","meta":{"footnotes":""},"class_list":["post-595","page","type-page","status-publish","hentry"],"yoast_head":"<!-- This site is optimized with the Yoast SEO plugin v25.1 - https:\/\/yoast.com\/wordpress\/plugins\/seo\/ -->\n<title>Register - Valens Home<\/title>\n<meta name=\"robots\" content=\"index, follow, max-snippet:-1, max-image-preview:large, max-video-preview:-1\" \/>\n<link rel=\"canonical\" href=\"https:\/\/valenshome.com\/?page_id=595\" \/>\n<meta property=\"og:locale\" content=\"es_ES\" \/>\n<meta property=\"og:type\" content=\"article\" \/>\n<meta property=\"og:title\" content=\"Register - Valens Home\" \/>\n<meta property=\"og:url\" content=\"https:\/\/valenshome.com\/?page_id=595\" \/>\n<meta property=\"og:site_name\" content=\"Valens Home\" \/>\n<meta property=\"article:modified_time\" content=\"2018-05-12T17:52:15+00:00\" \/>\n<script type=\"application\/ld+json\" class=\"yoast-schema-graph\">{\"@context\":\"https:\/\/schema.org\",\"@graph\":[{\"@type\":\"WebPage\",\"@id\":\"https:\/\/valenshome.com\/?page_id=595\",\"url\":\"https:\/\/valenshome.com\/?page_id=595\",\"name\":\"Register - Valens Home\",\"isPartOf\":{\"@id\":\"https:\/\/valenshome.com\/#website\"},\"datePublished\":\"2018-05-12T11:35:56+00:00\",\"dateModified\":\"2018-05-12T17:52:15+00:00\",\"breadcrumb\":{\"@id\":\"https:\/\/valenshome.com\/?page_id=595#breadcrumb\"},\"inLanguage\":\"es\",\"potentialAction\":[{\"@type\":\"ReadAction\",\"target\":[\"https:\/\/valenshome.com\/?page_id=595\"]}]},{\"@type\":\"BreadcrumbList\",\"@id\":\"https:\/\/valenshome.com\/?page_id=595#breadcrumb\",\"itemListElement\":[{\"@type\":\"ListItem\",\"position\":1,\"name\":\"Home\",\"item\":\"https:\/\/valenshome.com\/\"},{\"@type\":\"ListItem\",\"position\":2,\"name\":\"Register\"}]},{\"@type\":\"WebSite\",\"@id\":\"https:\/\/valenshome.com\/#website\",\"url\":\"https:\/\/valenshome.com\/\",\"name\":\"Valens Home\",\"description\":\"Valens Home - Holiday  Rental  Spain  Mallorca  Portocolom\",\"potentialAction\":[{\"@type\":\"SearchAction\",\"target\":{\"@type\":\"EntryPoint\",\"urlTemplate\":\"https:\/\/valenshome.com\/?s={search_term_string}\"},\"query-input\":{\"@type\":\"PropertyValueSpecification\",\"valueRequired\":true,\"valueName\":\"search_term_string\"}}],\"inLanguage\":\"es\"}]}<\/script>\n<!-- \/ Yoast SEO plugin. -->","yoast_head_json":{"title":"Register - Valens Home","robots":{"index":"index","follow":"follow","max-snippet":"max-snippet:-1","max-image-preview":"max-image-preview:large","max-video-preview":"max-video-preview:-1"},"canonical":"https:\/\/valenshome.com\/?page_id=595","og_locale":"es_ES","og_type":"article","og_title":"Register - Valens Home","og_url":"https:\/\/valenshome.com\/?page_id=595","og_site_name":"Valens Home","article_modified_time":"2018-05-12T17:52:15+00:00","schema":{"@context":"https:\/\/schema.org","@graph":[{"@type":"WebPage","@id":"https:\/\/valenshome.com\/?page_id=595","url":"https:\/\/valenshome.com\/?page_id=595","name":"Register - Valens Home","isPartOf":{"@id":"https:\/\/valenshome.com\/#website"},"datePublished":"2018-05-12T11:35:56+00:00","dateModified":"2018-05-12T17:52:15+00:00","breadcrumb":{"@id":"https:\/\/valenshome.com\/?page_id=595#breadcrumb"},"inLanguage":"es","potentialAction":[{"@type":"ReadAction","target":["https:\/\/valenshome.com\/?page_id=595"]}]},{"@type":"BreadcrumbList","@id":"https:\/\/valenshome.com\/?page_id=595#breadcrumb","itemListElement":[{"@type":"ListItem","position":1,"name":"Home","item":"https:\/\/valenshome.com\/"},{"@type":"ListItem","position":2,"name":"Register"}]},{"@type":"WebSite","@id":"https:\/\/valenshome.com\/#website","url":"https:\/\/valenshome.com\/","name":"Valens Home","description":"Valens Home - Holiday  Rental  Spain  Mallorca  Portocolom","potentialAction":[{"@type":"SearchAction","target":{"@type":"EntryPoint","urlTemplate":"https:\/\/valenshome.com\/?s={search_term_string}"},"query-input":{"@type":"PropertyValueSpecification","valueRequired":true,"valueName":"search_term_string"}}],"inLanguage":"es"}]}},"_links":{"self":[{"href":"https:\/\/valenshome.com\/index.php?rest_route=\/wp\/v2\/pages\/595","targetHints":{"allow":["GET"]}}],"collection":[{"href":"https:\/\/valenshome.com\/index.php?rest_route=\/wp\/v2\/pages"}],"about":[{"href":"https:\/\/valenshome.com\/index.php?rest_route=\/wp\/v2\/types\/page"}],"author":[{"embeddable":true,"href":"https:\/\/valenshome.com\/index.php?rest_route=\/wp\/v2\/users\/1"}],"replies":[{"embeddable":true,"href":"https:\/\/valenshome.com\/index.php?rest_route=%2Fwp%2Fv2%2Fcomments&post=595"}],"version-history":[{"count":2,"href":"https:\/\/valenshome.com\/index.php?rest_route=\/wp\/v2\/pages\/595\/revisions"}],"predecessor-version":[{"id":631,"href":"https:\/\/valenshome.com\/index.php?rest_route=\/wp\/v2\/pages\/595\/revisions\/631"}],"wp:attachment":[{"href":"https:\/\/valenshome.com\/index.php?rest_route=%2Fwp%2Fv2%2Fmedia&parent=595"}],"curies":[{"name":"wp","href":"https:\/\/api.w.org\/{rel}","templated":true}]}}